{"id":143,"date":"2024-04-01T14:48:33","date_gmt":"2024-04-01T12:48:33","guid":{"rendered":"http:\/\/localhost\/webduotek\/?post_type=product&#038;p=143"},"modified":"2024-04-01T15:22:47","modified_gmt":"2024-04-01T13:22:47","slug":"polaris-c","status":"publish","type":"product","link":"https:\/\/duotek.cl\/?product=polaris-c","title":{"rendered":"Polaris C"},"content":{"rendered":"<p>Medidor de temperatura y ox\u00edgeno port\u00e1til con etiquetas NFC y tecnolog\u00eda Bluetooth para una f\u00e1cil transferencia de datos a Cob\u00e1lia<\/p>\n<p>El medidor.<\/p>\n<p>Polaris C es un medidor de alto rendimiento, bajo costo y casi libre de mantenimiento para medir el ox\u00edgeno disuelto y la temperatura. El medidor es resistente, f\u00e1cil de usar y tiene una larga vida \u00fatil, lo que lo hace ideal para condiciones dif\u00edciles.<\/p>\n<p>Polaris C puede almacenar hasta 2500 conjuntos de datos completos, incluidas marcas de fecha y hora. Los datos registrados se almacenan en el medidor o se pueden transferir a Cob\u00e1lia mediante Bluetooth.<br \/>\nEscanee la etiqueta Cob\u00e1lia NFC del tanque y todos los datos se cargar\u00e1n en su \u201cgranja digital\u201d. Los datos espec\u00edficos del tanque asignados a las etiquetas se almacenar\u00e1n en Cob\u00e1lia para an\u00e1lisis de variaciones temporales, an\u00e1lisis multivariables de rendimiento y para la generaci\u00f3n de gr\u00e1ficos.<\/p>\n<p>El medidor tiene una autocomprobaci\u00f3n incorporada de todo el hardware, compensaci\u00f3n autom\u00e1tica de la presi\u00f3n barom\u00e9trica y un tiempo de respuesta notablemente corto. Con este medidor, obtiene la alta calidad asociada con la tecnolog\u00eda OxyGuard y un producto que le servir\u00e1 durante muchos a\u00f1os.<\/p>\n<p>&nbsp;<\/p>\n<a href='https:\/\/www.oxyguard.dk\/media\/4fgncenm\/h05-polaris-c-brochure-gb-2022-12.pdf' class='small-button smallblue' target=\"_blank\">Descargue Brochure<\/a>\n<p>&nbsp;<\/p>\n<p><iframe loading=\"lazy\" title=\"Getting started with the Polaris C\" width=\"1080\" height=\"608\" src=\"https:\/\/www.youtube.com\/embed\/6EIZ3XLXxeY?feature=oembed\"  allow=\"accelerometer; autoplay; clipboard-write; encrypted-media; gyroscope; picture-in-picture; web-share\" referrerpolicy=\"strict-origin-when-cross-origin\" allowfullscreen><\/iframe><\/p>\n","protected":false},"excerpt":{"rendered":"<p>Medidor de temperatura y ox\u00edgeno port\u00e1til.<\/p>\n<p>&nbsp;<\/p>\n","protected":false},"featured_media":144,"comment_status":"open","ping_status":"closed","template":"","meta":{"_et_pb_use_builder":"","_et_pb_old_content":"","_et_gb_content_width":""},"product_cat":[18],"product_tag":[],"class_list":{"0":"post-143","1":"product","2":"type-product","3":"status-publish","4":"has-post-thumbnail","6":"product_cat-oxyguard","8":"first","9":"instock","10":"shipping-taxable","11":"product-type-simple"},"_links":{"self":[{"href":"https:\/\/duotek.cl\/index.php?rest_route=\/wp\/v2\/product\/143","targetHints":{"allow":["GET"]}}],"collection":[{"href":"https:\/\/duotek.cl\/index.php?rest_route=\/wp\/v2\/product"}],"about":[{"href":"https:\/\/duotek.cl\/index.php?rest_route=\/wp\/v2\/types\/product"}],"replies":[{"embeddable":true,"href":"https:\/\/duotek.cl\/index.php?rest_route=%2Fwp%2Fv2%2Fcomments&post=143"}],"wp:featuredmedia":[{"embeddable":true,"href":"https:\/\/duotek.cl\/index.php?rest_route=\/wp\/v2\/media\/144"}],"wp:attachment":[{"href":"https:\/\/duotek.cl\/index.php?rest_route=%2Fwp%2Fv2%2Fmedia&parent=143"}],"wp:term":[{"taxonomy":"product_cat","embeddable":true,"href":"https:\/\/duotek.cl\/index.php?rest_route=%2Fwp%2Fv2%2Fproduct_cat&post=143"},{"taxonomy":"product_tag","embeddable":true,"href":"https:\/\/duotek.cl\/index.php?rest_route=%2Fwp%2Fv2%2Fproduct_tag&post=143"}],"curies":[{"name":"wp","href":"https:\/\/api.w.org\/{rel}","templated":true}]}}