{"id":136,"date":"2024-04-01T14:35:04","date_gmt":"2024-04-01T12:35:04","guid":{"rendered":"http:\/\/localhost\/webduotek\/?post_type=product&#038;p=136"},"modified":"2024-04-01T15:03:43","modified_gmt":"2024-04-01T13:03:43","slug":"polaris-c-optico","status":"publish","type":"product","link":"https:\/\/duotek.cl\/?product=polaris-c-optico","title":{"rendered":"Polaris C Optico"},"content":{"rendered":"<p>Medidor de temperatura y ox\u00edgeno port\u00e1til con tecnolog\u00eda NFC y Bluetooth<\/p>\n<p>El medidor \u00f3ptico Polaris C es un medidor que pr\u00e1cticamente no requiere mantenimiento para medir el ox\u00edgeno disuelto y la temperatura. El medidor es resistente, f\u00e1cil de usar y tiene una larga vida \u00fatil, lo que lo hace ideal para condiciones dif\u00edciles.<\/p>\n<p>Polaris C Optical puede almacenar hasta 2500 conjuntos completos de datos, incluidas marcas de fecha y hora. Los datos registrados se pueden almacenar de forma manual o autom\u00e1tica con la posibilidad de agrupar los datos en categor\u00edas.<\/p>\n<p>Los datos almacenados se pueden cargar directamente en Cob\u00e1lia mediante tecnolog\u00eda Bluetooth. Escanee la etiqueta NFC de Cob\u00e1lia en el tanque y todos los datos se cargar\u00e1n en su \u201cgranja digital\u201d. Los datos espec\u00edficos del tanque asignados a las etiquetas se almacenar\u00e1n en Cob\u00e1lia para an\u00e1lisis de variaci\u00f3n temporal, generaci\u00f3n de gr\u00e1ficos y an\u00e1lisis multivariable de rendimiento.<\/p>\n<p>El medidor tiene una autocomprobaci\u00f3n incorporada de todo el hardware, compensa autom\u00e1ticamente la presi\u00f3n barom\u00e9trica y tiene un tiempo de respuesta notablemente corto. Con este medidor, obtiene la alta calidad asociada con la tecnolog\u00eda OxyGuard y un producto que le servir\u00e1 durante muchos a\u00f1os.<\/p>\n","protected":false},"excerpt":{"rendered":"<p>Medidor de temperatura y ox\u00edgeno port\u00e1til con tecnolog\u00eda NFC y Bluetooth.<\/p>\n<p>&nbsp;<\/p>\n","protected":false},"featured_media":137,"comment_status":"open","ping_status":"closed","template":"","meta":{"_et_pb_use_builder":"","_et_pb_old_content":"","_et_gb_content_width":""},"product_cat":[18],"product_tag":[],"class_list":{"0":"post-136","1":"product","2":"type-product","3":"status-publish","4":"has-post-thumbnail","6":"product_cat-oxyguard","8":"first","9":"instock","10":"shipping-taxable","11":"product-type-simple"},"_links":{"self":[{"href":"https:\/\/duotek.cl\/index.php?rest_route=\/wp\/v2\/product\/136","targetHints":{"allow":["GET"]}}],"collection":[{"href":"https:\/\/duotek.cl\/index.php?rest_route=\/wp\/v2\/product"}],"about":[{"href":"https:\/\/duotek.cl\/index.php?rest_route=\/wp\/v2\/types\/product"}],"replies":[{"embeddable":true,"href":"https:\/\/duotek.cl\/index.php?rest_route=%2Fwp%2Fv2%2Fcomments&post=136"}],"wp:featuredmedia":[{"embeddable":true,"href":"https:\/\/duotek.cl\/index.php?rest_route=\/wp\/v2\/media\/137"}],"wp:attachment":[{"href":"https:\/\/duotek.cl\/index.php?rest_route=%2Fwp%2Fv2%2Fmedia&parent=136"}],"wp:term":[{"taxonomy":"product_cat","embeddable":true,"href":"https:\/\/duotek.cl\/index.php?rest_route=%2Fwp%2Fv2%2Fproduct_cat&post=136"},{"taxonomy":"product_tag","embeddable":true,"href":"https:\/\/duotek.cl\/index.php?rest_route=%2Fwp%2Fv2%2Fproduct_tag&post=136"}],"curies":[{"name":"wp","href":"https:\/\/api.w.org\/{rel}","templated":true}]}}